{"id":791,"date":"2018-06-28T01:39:53","date_gmt":"2018-06-28T04:39:53","guid":{"rendered":"https:\/\/iscsconcordia-ers.infd.edu.ar\/sitio\/personal-administrativo-y-de-servicios\/"},"modified":"2026-02-13T10:41:08","modified_gmt":"2026-02-13T13:41:08","slug":"personal-administrativo-y-de-servicios","status":"publish","type":"page","link":"https:\/\/iscsconcordia-ers.infd.edu.ar\/sitio\/personal-administrativo-y-de-servicios\/","title":{"rendered":"Personal Administrativo y de Servicios"},"content":{"rendered":"<blockquote><p><strong>EQUIPO DIRECTIVO:<\/strong><\/p>\n<ul>\n<li>Rector\u00eda: Patricia Palavicini<\/li>\n<li>Secretar\u00eda: Jos\u00e9 Luis Libedinsky<\/li>\n<\/ul>\n<p><strong>PRECEPTORIA:\u00a0<\/strong><\/p>\n<ul>\n<li>Patricia Fiant<\/li>\n<li>Ana Ozuna<\/li>\n<\/ul>\n<p><strong>BEDEL\u00cdA:<\/strong><\/p>\n<ul>\n<li>Mario Franco<\/li>\n<li>Noelia Arce<\/li>\n<li>Guadalupe Ponce<\/li>\n<\/ul>\n<p><strong>CENTRO DE DOCUMENTACI\u00d3N (CEDOC):<\/strong><\/p>\n<ul>\n<li>M\u00f3nica Ibarra (Bibliotecaria)<\/li>\n<li>Alejandro Camara (Referente T\u00e9cnico)<\/li>\n<\/ul>\n<\/blockquote>\n","protected":false},"excerpt":{"rendered":"<p>EQUIPO DIRECTIVO: Rector\u00eda: Patricia Palavicini Secretar\u00eda: Jos\u00e9 Luis Libedinsky PRECEPTORIA:\u00a0 Patricia Fiant Ana Ozuna BEDEL\u00cdA: Mario Franco Noelia Arce Guadalupe Ponce CENTRO DE DOCUMENTACI\u00d3N (CEDOC): M\u00f3nica Ibarra (Bibliotecaria) Alejandro Camara (Referente T\u00e9cnico)<\/p>\n","protected":false},"author":51,"featured_media":0,"parent":0,"menu_order":0,"comment_status":"closed","ping_status":"closed","template":"","meta":[],"acf":[],"_links":{"self":[{"href":"https:\/\/iscsconcordia-ers.infd.edu.ar\/sitio\/wp-json\/wp\/v2\/pages\/791"}],"collection":[{"href":"https:\/\/iscsconcordia-ers.infd.edu.ar\/sitio\/wp-json\/wp\/v2\/pages"}],"about":[{"href":"https:\/\/iscsconcordia-ers.infd.edu.ar\/sitio\/wp-json\/wp\/v2\/types\/page"}],"author":[{"embeddable":true,"href":"https:\/\/iscsconcordia-ers.infd.edu.ar\/sitio\/wp-json\/wp\/v2\/users\/51"}],"replies":[{"embeddable":true,"href":"https:\/\/iscsconcordia-ers.infd.edu.ar\/sitio\/wp-json\/wp\/v2\/comments?post=791"}],"version-history":[{"count":11,"href":"https:\/\/iscsconcordia-ers.infd.edu.ar\/sitio\/wp-json\/wp\/v2\/pages\/791\/revisions"}],"predecessor-version":[{"id":6895,"href":"https:\/\/iscsconcordia-ers.infd.edu.ar\/sitio\/wp-json\/wp\/v2\/pages\/791\/revisions\/6895"}],"wp:attachment":[{"href":"https:\/\/iscsconcordia-ers.infd.edu.ar\/sitio\/wp-json\/wp\/v2\/media?parent=791"}],"curies":[{"name":"wp","href":"https:\/\/api.w.org\/{rel}","templated":true}]}}