{"id":777,"date":"2018-06-28T01:39:48","date_gmt":"2018-06-28T04:39:48","guid":{"rendered":"https:\/\/iscsconcordia-ers.infd.edu.ar\/sitio\/extension-a-la-comunidad\/"},"modified":"2021-09-28T20:39:54","modified_gmt":"2021-09-28T23:39:54","slug":"extension-a-la-comunidad","status":"publish","type":"page","link":"https:\/\/iscsconcordia-ers.infd.edu.ar\/sitio\/extension-a-la-comunidad\/","title":{"rendered":"Extensi\u00f3n a la Comunidad"},"content":{"rendered":"<p>\u00a0<\/p>\n<table border=\"0\" width=\"100%\">\n<tbody>\n<tr>\n<td width=\"33%\"><img decoding=\"async\" loading=\"lazy\" class=\"alignnone size-full wp-image-1794\" src=\"https:\/\/iscsconcordia-ers.infd.edu.ar\/sitio\/wp-content\/uploads\/2021\/09\/comunidad.jpg\" alt=\"\" width=\"512\" height=\"186\" \/><\/td>\n<td style=\"text-align: justify;\" colspan=\"98\" width=\"33%\"><span style=\"font-family: trebuchet ms,geneva; font-size: 10pt;\">A lo largo de su existencia, el Profesorado se ha caracterizado por llevar a cabo actividades de inserci\u00f3n en la comunidad, respondiendo as\u00ed a su perfil fundacional, y a su din\u00e1mica abierta, cr\u00edtica y reflexiva con las tem\u00e1ticas y preocupaciones de la comunidad, en el campo del pensamiento, de la pol\u00edtica y de los procesos sociales e<\/span><span style=\"font-family: trebuchet ms,geneva; font-size: 10pt;\">hist\u00f3ricos, para constituirse en un espacio v\u00e1lido, abierto a todas las corrientes de pensamiento y al debate<\/span>.\u00a0<\/td>\n<\/tr>\n<tr>\n<td colspan=\"99\" width=\"33%\">\n<p style=\"text-align: justify;\">L<span style=\"font-family: trebuchet ms,geneva; font-size: 10pt;\">a cr\u00edtica, el disenso y el consenso, tiene el \u00fanico objetivo de contribuir a la construcci\u00f3n de una sociedad m\u00e1s justa y solidaria en el marco de la democracia, la igualdad de oportunidades y la participaci\u00f3n y protagonismo de todos quienes se acerquen a la instituci\u00f3n, aportando a la comunidad fundamentalmente desde el \u00e1mbito acad\u00e9mico:<\/span><\/p>\n<\/td>\n<\/tr>\n<tr>\n<td style=\"text-align: justify;\" colspan=\"98\">\n<p style=\"text-align: justify;\"><span style=\"font-family: trebuchet ms,geneva; font-size: 10pt;\">a) Como parte inherente al desarrollo acad\u00e9mico de formaci\u00f3n de grado, ya que las tem\u00e1ticas abordadas tienen directa relaci\u00f3n con los contendidos de la carrera;<\/span><\/p>\n<p style=\"text-align: justify;\"><span style=\"font-family: trebuchet ms,geneva; font-size: 10pt;\">b) En cuanto al perfil propuesto para los futuros docentes, ya que tanto la calidad de los disertantes, sus especialidades o su compromiso como militantes sociales, pol\u00edticos o de los derechos humanos, hace a la formaci\u00f3n docente, por cuanto muchas de las actividades abiertas a la comunidad se plantean como espacio de capacitaci\u00f3n, profundizaci\u00f3n y perfeccionamiento. Se pueden distinguir actividades de diversa \u00edndole: Conferencias; Charlas debates; Talleres; Seminarios y Jornadas de Ciencias Sociales<\/span><\/p>\n<\/td>\n<td><img decoding=\"async\" loading=\"lazy\" class=\"alignright wp-image-1795\" src=\"https:\/\/iscsconcordia-ers.infd.edu.ar\/sitio\/wp-content\/uploads\/2021\/09\/docentes.jpg\" alt=\"\" width=\"2500\" height=\"1400\" \/><\/td>\n<\/tr>\n<tr>\n<td colspan=\"99\">\u00a0<span style=\"font-size: 8pt; font-family: trebuchet ms,geneva;\"><em>En el siguiente archivo puede encontrar una sintesis de las actividades ac\u00e1 mencionadas si se desea un mayor detalle de las distintas actividades realiazadas por el Profesorado desde su creaci\u00f3n hasta\u00a0 el 2007 se pueden encontrar en<\/em><\/span><span style=\"font-size: 8pt; font-family: trebuchet ms,geneva;\"><em> la s\u00edntesis<\/em><\/span><span style=\"font-size: 8pt; font-family: trebuchet ms,geneva;\"><em> el PEI que se se halla en la sub-secci\u00f3n \u00ab<a title=\"Historia\" href=\"index.cgi?wid_item=9&amp;wid_seccion=1\">Historia<\/a>\u00bb\u00a0 en \u00abNuestro Profesorado\u00bb <\/em><\/span><\/td>\n<\/tr>\n<tr>\n<td colspan=\"99\">\n<p style=\"text-align: justify;\"><span style=\"font-size: 8pt; font-family: trebuchet ms,geneva;\"><em><span style=\"font-size: 10pt;\">\u00a0<a class=\"LinkModi\" title=\"https:\/\/iscsconcordia-ers.infd.edu.ar\/aula\/archivos\/repositorio\/\/0\/34\/Actividades_de_Extension_a_la_Comunidad.pdf\" href=\"https:\/\/iscsconcordia-ers.infd.edu.ar\/aula\/archivos\/repositorio\/\/0\/34\/Actividades_de_Extension_a_la_Comunidad.pdf\" target=\"_NEW\" rel=\"noopener\">Actividades de extesi\u00f3n 1993-2012<\/a><\/span><br \/><\/em><\/span><\/p>\n<\/td>\n<\/tr>\n<tr>\n<td colspan=\"99\">\u00a0<\/td>\n<\/tr>\n<\/tbody>\n<\/table>\n\n\n<p><\/p>\n","protected":false},"excerpt":{"rendered":"<p>\u00a0 A lo largo de su existencia, el Profesorado se ha caracterizado por llevar a cabo actividades de inserci\u00f3n en la comunidad, respondiendo as\u00ed a su perfil fundacional, y a su din\u00e1mica abierta, cr\u00edtica y reflexiva con las tem\u00e1ticas y preocupaciones de la comunidad, en el campo del pensamiento, de la pol\u00edtica y de los &#8230; <a title=\"Extensi\u00f3n a la Comunidad\" class=\"read-more\" href=\"https:\/\/iscsconcordia-ers.infd.edu.ar\/sitio\/extension-a-la-comunidad\/\" aria-label=\"More on Extensi\u00f3n a la Comunidad\">[+]<\/a><\/p>\n","protected":false},"author":37,"featured_media":0,"parent":0,"menu_order":0,"comment_status":"closed","ping_status":"closed","template":"","meta":[],"acf":[],"_links":{"self":[{"href":"https:\/\/iscsconcordia-ers.infd.edu.ar\/sitio\/wp-json\/wp\/v2\/pages\/777"}],"collection":[{"href":"https:\/\/iscsconcordia-ers.infd.edu.ar\/sitio\/wp-json\/wp\/v2\/pages"}],"about":[{"href":"https:\/\/iscsconcordia-ers.infd.edu.ar\/sitio\/wp-json\/wp\/v2\/types\/page"}],"author":[{"embeddable":true,"href":"https:\/\/iscsconcordia-ers.infd.edu.ar\/sitio\/wp-json\/wp\/v2\/users\/37"}],"replies":[{"embeddable":true,"href":"https:\/\/iscsconcordia-ers.infd.edu.ar\/sitio\/wp-json\/wp\/v2\/comments?post=777"}],"version-history":[{"count":3,"href":"https:\/\/iscsconcordia-ers.infd.edu.ar\/sitio\/wp-json\/wp\/v2\/pages\/777\/revisions"}],"predecessor-version":[{"id":1797,"href":"https:\/\/iscsconcordia-ers.infd.edu.ar\/sitio\/wp-json\/wp\/v2\/pages\/777\/revisions\/1797"}],"wp:attachment":[{"href":"https:\/\/iscsconcordia-ers.infd.edu.ar\/sitio\/wp-json\/wp\/v2\/media?parent=777"}],"curies":[{"name":"wp","href":"https:\/\/api.w.org\/{rel}","templated":true}]}}