{"id":2954,"date":"2022-12-14T20:00:23","date_gmt":"2022-12-14T23:00:23","guid":{"rendered":"https:\/\/iscsconcordia-ers.infd.edu.ar\/sitio\/?page_id=2954"},"modified":"2025-10-09T18:19:19","modified_gmt":"2025-10-09T21:19:19","slug":"producciones-digitales","status":"publish","type":"page","link":"https:\/\/iscsconcordia-ers.infd.edu.ar\/sitio\/producciones-digitales\/","title":{"rendered":"Producciones Digitales"},"content":{"rendered":"\n<p>En este espacio compartimos las producciones digitales de los y las estudiantes del Profesorado en las distintas carreras y c\u00e1tedras.<\/p>\n\n\n\n<p><\/p>\n\n\n\n<hr class=\"wp-block-separator has-css-opacity\"\/>\n\n\n\n<h1 class=\"wp-block-heading alignwide has-text-align-center\"><\/h1>\n\n\n\n<hr class=\"wp-block-separator has-css-opacity\"\/>\n\n\n\n<div class=\"wp-block-media-text alignwide is-stacked-on-mobile\"><figure class=\"wp-block-media-text__media\"><img decoding=\"async\" loading=\"lazy\" width=\"1024\" height=\"1536\" src=\"https:\/\/iscsconcordia-ers.infd.edu.ar\/sitio\/wp-content\/uploads\/2025\/10\/ChatGPT-Image-24-jul-2025-12_51_09-a.m.png\" alt=\"\" class=\"wp-image-4488 size-full\" srcset=\"https:\/\/iscsconcordia-ers.infd.edu.ar\/sitio\/wp-content\/uploads\/2025\/10\/ChatGPT-Image-24-jul-2025-12_51_09-a.m.png 1024w, https:\/\/iscsconcordia-ers.infd.edu.ar\/sitio\/wp-content\/uploads\/2025\/10\/ChatGPT-Image-24-jul-2025-12_51_09-a.m-667x1000.png 667w, https:\/\/iscsconcordia-ers.infd.edu.ar\/sitio\/wp-content\/uploads\/2025\/10\/ChatGPT-Image-24-jul-2025-12_51_09-a.m-768x1152.png 768w\" sizes=\"(max-width: 1024px) 100vw, 1024px\" \/><\/figure><div class=\"wp-block-media-text__content\">\n<h1 class=\"wp-block-heading\">&#x1f4da; Revistas digitales del Profesorado de Ciencias Sociales<\/h1>\n\n\n\n<p>Te invitamos a recorrer y compartir las producciones acad\u00e9micas y colectivas de nuestra comunidad educativa. Estas revistas nacen como espacios de expresi\u00f3n, investigaci\u00f3n y reflexi\u00f3n cr\u00edtica en torno a los saberes sociales, construidas por estudiantes y docentes comprometidos con el pensamiento colectivo y la transformaci\u00f3n social.<\/p>\n\n\n\n<p>&#x1f517; Conocelas y difundilas:<\/p>\n\n\n\n<p><a href=\"https:\/\/sites.google.com\/view\/entrelaslineasdelahistoria\/pagina-principal\">https:\/\/sites.google.com\/view\/entrelaslineasdelahistoria\/pagina-principal<\/a><\/p>\n\n\n\n<p><a href=\"https:\/\/sites.google.com\/view\/voluntasapientiscuadernos\/p%C3%A1gina-principal\">https:\/\/sites.google.com\/view\/voluntasapientiscuadernos\/p%C3%A1gina-principal<\/a><\/p>\n<\/div><\/div>\n\n\n\n<div class=\"wp-block-media-text alignwide is-stacked-on-mobile\"><figure class=\"wp-block-media-text__media\"><img decoding=\"async\" loading=\"lazy\" width=\"1900\" height=\"950\" src=\"https:\/\/iscsconcordia-ers.infd.edu.ar\/sitio\/wp-content\/uploads\/2024\/10\/NO-OLVIDEMOS-1-2048x1024-1-1900x950.jpg\" alt=\"\" class=\"wp-image-3848 size-full\" srcset=\"https:\/\/iscsconcordia-ers.infd.edu.ar\/sitio\/wp-content\/uploads\/2024\/10\/NO-OLVIDEMOS-1-2048x1024-1-1900x950.jpg 1900w, https:\/\/iscsconcordia-ers.infd.edu.ar\/sitio\/wp-content\/uploads\/2024\/10\/NO-OLVIDEMOS-1-2048x1024-1-1000x500.jpg 1000w, https:\/\/iscsconcordia-ers.infd.edu.ar\/sitio\/wp-content\/uploads\/2024\/10\/NO-OLVIDEMOS-1-2048x1024-1-768x384.jpg 768w, https:\/\/iscsconcordia-ers.infd.edu.ar\/sitio\/wp-content\/uploads\/2024\/10\/NO-OLVIDEMOS-1-2048x1024-1-1536x768.jpg 1536w, https:\/\/iscsconcordia-ers.infd.edu.ar\/sitio\/wp-content\/uploads\/2024\/10\/NO-OLVIDEMOS-1-2048x1024-1.jpg 2048w\" sizes=\"(max-width: 1900px) 100vw, 1900px\" \/><\/figure><div class=\"wp-block-media-text__content\">\n<p>Los estudiantes de 2do. a\u00f1o 1era Comisi\u00f3n de la carrera de Profesorado de Educaci\u00f3n Secundaria en Historia, han resignificado el mural denominado&nbsp;<strong>\u201cLas huellas de la lucha\u201d<\/strong>&nbsp;que se encuentra en nuestra biblioteca&nbsp;<strong>\u201cAlfredo Kohon\u201d<\/strong>&nbsp;realizado por&nbsp;<strong>Aldo Vercelino y C\u00e9sar Reniero<\/strong>, en el marco de la edici\u00f3n XVIII del a\u00f1o 2017, en donde las actividades se centraron en las tem\u00e1ticas ambientales, militancia de g\u00e9nero, pueblos originarios, historia, realidad latinoamericana y deuda externa.<br>Seg\u00fan el artista Reniero, el mural nos interpela a bucear y buscar en las pinceladas \u201crostros con rasgos originarios y de trabajadores y, en peque\u00f1o, multitudes que vienen a simbolizar la situaci\u00f3n y la lucha de los originarios y los trabajadores, que son sectores muy vulnerables en todo proyecto neoliberal (\u2026)\u201d Actividad propuesta desde la c\u00e1tedra Procesos Sociales, Pol\u00edticos, Econ\u00f3micos y Culturales Americanos I.<\/p>\n<\/div><\/div>\n\n\n\n<div class=\"wp-block-media-text alignwide is-stacked-on-mobile\"><figure class=\"wp-block-media-text__media\"><img decoding=\"async\" loading=\"lazy\" width=\"1900\" height=\"950\" src=\"https:\/\/iscsconcordia-ers.infd.edu.ar\/sitio\/wp-content\/uploads\/2024\/10\/NO-OLVIDEMOS-2048x1024-1-1900x950.jpg\" alt=\"\" class=\"wp-image-3847 size-full\" srcset=\"https:\/\/iscsconcordia-ers.infd.edu.ar\/sitio\/wp-content\/uploads\/2024\/10\/NO-OLVIDEMOS-2048x1024-1-1900x950.jpg 1900w, https:\/\/iscsconcordia-ers.infd.edu.ar\/sitio\/wp-content\/uploads\/2024\/10\/NO-OLVIDEMOS-2048x1024-1-1000x500.jpg 1000w, https:\/\/iscsconcordia-ers.infd.edu.ar\/sitio\/wp-content\/uploads\/2024\/10\/NO-OLVIDEMOS-2048x1024-1-768x384.jpg 768w, https:\/\/iscsconcordia-ers.infd.edu.ar\/sitio\/wp-content\/uploads\/2024\/10\/NO-OLVIDEMOS-2048x1024-1-1536x768.jpg 1536w, https:\/\/iscsconcordia-ers.infd.edu.ar\/sitio\/wp-content\/uploads\/2024\/10\/NO-OLVIDEMOS-2048x1024-1.jpg 2048w\" sizes=\"(max-width: 1900px) 100vw, 1900px\" \/><\/figure><div class=\"wp-block-media-text__content\">\n<p>Con motivo de los XXV a\u00f1os de realizaci\u00f3n ininterrumpida de las Jornadas de C\u00e1tedras Abiertas de Ciencias Sociales recuperamos y resignificamos el mural&nbsp;<strong>\u00abNo olvidemos\u00bb: Un viaje por la memoria y la identidad colectiva.<\/strong><br>Obra realizada por Aldo Vercelino y C\u00e9sar Reniero que recupera las tem\u00e1ticas abordadas durante la Edici\u00f3n VIII, denominada \u00abHistoria, Pol\u00edtica y Educaci\u00f3n en Argentina y Am\u00e9rica Latina: De d\u00f3nde venimos? Hacia d\u00f3nde vamos? \u00ab<br>Actividad propuesta desde la c\u00e1tedra Procesos Sociales, Pol\u00edticos, Econ\u00f3micos y Culturales Americanos I.<br>Realizado por estudiantes de 2do a\u00f1o 2da Comisi\u00f3n de la carrera de Profesorado de Educaci\u00f3n Secundaria en Historia.&nbsp;<\/p>\n<\/div><\/div>\n\n\n\n<div class=\"wp-block-media-text alignwide is-stacked-on-mobile\"><figure class=\"wp-block-media-text__media\"><a href=\"https:\/\/sites.google.com\/view\/vanguardiaslatinoamericanas\/p%C3%A1gina-principal?authuser=0\" target=\"_blank\" rel=\"noopener\"><img decoding=\"async\" loading=\"lazy\" width=\"1095\" height=\"521\" src=\"https:\/\/iscsconcordia-ers.infd.edu.ar\/sitio\/wp-content\/uploads\/2022\/12\/Historiarte.png\" alt=\"\" class=\"wp-image-2971 size-full\" srcset=\"https:\/\/iscsconcordia-ers.infd.edu.ar\/sitio\/wp-content\/uploads\/2022\/12\/Historiarte.png 1095w, https:\/\/iscsconcordia-ers.infd.edu.ar\/sitio\/wp-content\/uploads\/2022\/12\/Historiarte-1000x476.png 1000w, https:\/\/iscsconcordia-ers.infd.edu.ar\/sitio\/wp-content\/uploads\/2022\/12\/Historiarte-768x365.png 768w\" sizes=\"(max-width: 1095px) 100vw, 1095px\" \/><\/a><\/figure><div class=\"wp-block-media-text__content\">\n<p class=\"has-medium-font-size\">Sitio Web creado por los\/as estudiantes de 4to a\u00f1o de Historia en el espacio UDI a cargo de la Profesora Flavia Frigo<\/p>\n<\/div><\/div>\n\n\n\n<div class=\"wp-block-media-text alignwide is-stacked-on-mobile\"><figure class=\"wp-block-media-text__media\"><a href=\"https:\/\/drive.google.com\/drive\/folders\/17MPwzmr_Hq-nPjLXkzTzxzONLPjV8J0T?usp=sharing\" target=\"_blank\" rel=\"noopener\"><img decoding=\"async\" loading=\"lazy\" width=\"400\" height=\"302\" src=\"https:\/\/iscsconcordia-ers.infd.edu.ar\/sitio\/wp-content\/uploads\/2022\/12\/renacimiento-vs-edad-media.jpg\" alt=\"\" class=\"wp-image-2974 size-full\"\/><\/a><\/figure><div class=\"wp-block-media-text__content\">\n<p class=\"has-medium-font-size\">Exploraci\u00f3n de museos virtuales y &nbsp;archivos digitales en los que puedan recorrer, investigar y aprender acerca de las obras art\u00edsticas del Renacimiento para compartir las experiencias del recorrido. Repositorio de documentos creados por estudiantes de 2do A\u00f1o de Historia del espacio Procesos sociales pol\u00edticos, econ\u00f3micos y culturales del feudalismo y la modernidad a cargo de la Prof. Flavia Frigo<\/p>\n<\/div><\/div>\n\n\n\n<div class=\"wp-block-media-text alignwide is-stacked-on-mobile\"><figure class=\"wp-block-media-text__media\"><a href=\"https:\/\/youtube.com\/playlist?list=PLoy0LB6BiIASHdV3vrlyoiKV9ehtItHdZ\" target=\"_blank\" rel=\"noopener\"><img decoding=\"async\" loading=\"lazy\" width=\"960\" height=\"640\" src=\"https:\/\/iscsconcordia-ers.infd.edu.ar\/sitio\/wp-content\/uploads\/2022\/12\/microd.jpg\" alt=\"\" class=\"wp-image-2977 size-full\" srcset=\"https:\/\/iscsconcordia-ers.infd.edu.ar\/sitio\/wp-content\/uploads\/2022\/12\/microd.jpg 960w, https:\/\/iscsconcordia-ers.infd.edu.ar\/sitio\/wp-content\/uploads\/2022\/12\/microd-768x512.jpg 768w\" sizes=\"(max-width: 960px) 100vw, 960px\" \/><\/a><\/figure><div class=\"wp-block-media-text__content\">\n<p>Microducumentales creados por los\/as estudiantes de 4to a\u00f1o comisi\u00f3n segunda del Profesorado para la Ense\u00f1anza Secundaria en Historia, en el espacio Problem\u00e1ticas hist\u00f3ricas regionales y locales cargo del Prof. Javier Borche.<\/p>\n\n\n\n<p>Los trabajos son investigaciones originales o presentaci\u00f3n bajo formato audiovisual de tem\u00e1ticas abordadas por historiadores<\/p>\n<\/div><\/div>\n\n\n\n<div class=\"wp-block-media-text alignwide is-stacked-on-mobile\"><figure class=\"wp-block-media-text__media\"><a href=\"https:\/\/sites.google.com\/view\/manual-multimedial-de-historia\/inicio?authuser=0\" target=\"_blank\" rel=\"noopener\"><img decoding=\"async\" loading=\"lazy\" width=\"949\" height=\"495\" src=\"https:\/\/iscsconcordia-ers.infd.edu.ar\/sitio\/wp-content\/uploads\/2022\/12\/manual.png\" alt=\"\" class=\"wp-image-2960 size-full\" srcset=\"https:\/\/iscsconcordia-ers.infd.edu.ar\/sitio\/wp-content\/uploads\/2022\/12\/manual.png 949w, https:\/\/iscsconcordia-ers.infd.edu.ar\/sitio\/wp-content\/uploads\/2022\/12\/manual-768x401.png 768w\" sizes=\"(max-width: 949px) 100vw, 949px\" \/><\/a><\/figure><div class=\"wp-block-media-text__content\">\n<p><\/p>\n\n\n\n<p class=\"has-medium-font-size\">Sitio Web creado por los\/as estudiantes de 4to a\u00f1o de Historia en el espacio UDI a cargo del Profesor Javier Borche<\/p>\n<\/div><\/div>\n\n\n\n<div class=\"wp-block-media-text alignwide is-stacked-on-mobile\"><figure class=\"wp-block-media-text__media\"><a href=\"https:\/\/iscsconcordia-ers.infd.edu.ar\/sitio\/piezas-audiovisuales-para-redes\/\"><img decoding=\"async\" loading=\"lazy\" width=\"1419\" height=\"1080\" src=\"https:\/\/iscsconcordia-ers.infd.edu.ar\/sitio\/wp-content\/uploads\/2025\/10\/canalencuentro-1.jpg\" alt=\"\" class=\"wp-image-4627 size-full\" srcset=\"https:\/\/iscsconcordia-ers.infd.edu.ar\/sitio\/wp-content\/uploads\/2025\/10\/canalencuentro-1.jpg 1419w, https:\/\/iscsconcordia-ers.infd.edu.ar\/sitio\/wp-content\/uploads\/2025\/10\/canalencuentro-1-1000x761.jpg 1000w, https:\/\/iscsconcordia-ers.infd.edu.ar\/sitio\/wp-content\/uploads\/2025\/10\/canalencuentro-1-768x585.jpg 768w\" sizes=\"(max-width: 1419px) 100vw, 1419px\" \/><\/a><\/figure><div class=\"wp-block-media-text__content\">\n<p>El Programa Nuestra Escuela del Instituto Nacional de Formaci\u00f3n Docente junto a Canal Encuentro invit\u00f3 a estudiantes de Institutos de Educaci\u00f3n Superior a producir piezas audiovisuales para redes alrededor del eje \u201c40 a\u00f1os de democracia en la formaci\u00f3n docente\u201d.<\/p>\n\n\n\n<p>Estudiantes de 4\u00b0 1\u00b0 de Historia y 4\u00b0 de Ciencia Pol\u00edtica participaron en la propuesta.<\/p>\n\n\n\n<p>Les compartimos las producciones<\/p>\n<\/div><\/div>\n","protected":false},"excerpt":{"rendered":"<p>En este espacio compartimos las producciones digitales de los y las estudiantes del Profesorado en las distintas carreras y c\u00e1tedras. &#x1f4da; Revistas digitales del Profesorado de Ciencias Sociales Te invitamos a recorrer y compartir las producciones acad\u00e9micas y colectivas de nuestra comunidad educativa. Estas revistas nacen como espacios de expresi\u00f3n, investigaci\u00f3n y reflexi\u00f3n cr\u00edtica en &#8230; <a title=\"Producciones Digitales\" class=\"read-more\" href=\"https:\/\/iscsconcordia-ers.infd.edu.ar\/sitio\/producciones-digitales\/\" aria-label=\"More on Producciones Digitales\">[+]<\/a><\/p>\n","protected":false},"author":37,"featured_media":2956,"parent":0,"menu_order":0,"comment_status":"closed","ping_status":"closed","template":"","meta":[],"acf":[],"_links":{"self":[{"href":"https:\/\/iscsconcordia-ers.infd.edu.ar\/sitio\/wp-json\/wp\/v2\/pages\/2954"}],"collection":[{"href":"https:\/\/iscsconcordia-ers.infd.edu.ar\/sitio\/wp-json\/wp\/v2\/pages"}],"about":[{"href":"https:\/\/iscsconcordia-ers.infd.edu.ar\/sitio\/wp-json\/wp\/v2\/types\/page"}],"author":[{"embeddable":true,"href":"https:\/\/iscsconcordia-ers.infd.edu.ar\/sitio\/wp-json\/wp\/v2\/users\/37"}],"replies":[{"embeddable":true,"href":"https:\/\/iscsconcordia-ers.infd.edu.ar\/sitio\/wp-json\/wp\/v2\/comments?post=2954"}],"version-history":[{"count":13,"href":"https:\/\/iscsconcordia-ers.infd.edu.ar\/sitio\/wp-json\/wp\/v2\/pages\/2954\/revisions"}],"predecessor-version":[{"id":4629,"href":"https:\/\/iscsconcordia-ers.infd.edu.ar\/sitio\/wp-json\/wp\/v2\/pages\/2954\/revisions\/4629"}],"wp:featuredmedia":[{"embeddable":true,"href":"https:\/\/iscsconcordia-ers.infd.edu.ar\/sitio\/wp-json\/wp\/v2\/media\/2956"}],"wp:attachment":[{"href":"https:\/\/iscsconcordia-ers.infd.edu.ar\/sitio\/wp-json\/wp\/v2\/media?parent=2954"}],"curies":[{"name":"wp","href":"https:\/\/api.w.org\/{rel}","templated":true}]}}