{"id":1113,"date":"2019-03-04T13:38:34","date_gmt":"2019-03-04T16:38:34","guid":{"rendered":"https:\/\/iscsconcordia-ers.infd.edu.ar\/sitio\/?page_id=1113"},"modified":"2019-11-28T13:08:43","modified_gmt":"2019-11-28T16:08:43","slug":"planificaciones-y-programas-de-ciencia-politica-2019","status":"publish","type":"page","link":"https:\/\/iscsconcordia-ers.infd.edu.ar\/sitio\/planificaciones-y-programas-de-ciencia-politica-2019\/","title":{"rendered":"Planificaciones y programas de Ciencia Pol\u00edtica 2019"},"content":{"rendered":"<p><a href=\"https:\/\/iscsconcordia-ers.infd.edu.ar\/sitio\/wp-content\/uploads\/2019\/04\/Planeamiento-de-C\u00e1tedra-2019-Econom\u00eda-1\u00ba-a\u00f1o-Cs-Pol\u00edticas.doc\">Planeamiento de C\u00e1tedra 2019 &#8211; Econom\u00eda &#8211; 1\u00ba a\u00f1o &#8211; Cs Pol\u00edticas<\/a><a href=\"https:\/\/iscsconcordia-ers.infd.edu.ar\/sitio\/wp-content\/uploads\/2019\/04\/Planeamiento-de-C\u00e1tedra-2019-Econom\u00eda-1\u00ba-a\u00f1o-Cs-Pol\u00edticas.doc\">Planeamiento de C\u00e1tedra 2019 &#8211; Econom\u00eda &#8211; 1\u00ba a\u00f1o &#8211; Cs Pol\u00edticas<\/a>1\u00b0 A\u00d1O<\/p>\n<style type=\"text\/css\"><!--td {border: 1px solid #ccc;}br {mso-data-placement:same-cell;}--><\/style>\n<table dir=\"ltr\" border=\"1\" cellspacing=\"0\" cellpadding=\"0\">\n<colgroup>\n<col width=\"67\" \/>\n<col width=\"158\" \/><\/colgroup>\n<tbody>\n<tr>\n<td><\/td>\n<td data-sheets-value=\"{&quot;1&quot;:2,&quot;2&quot;:&quot;Derecho Constitucional&quot;}\"><a href=\"https:\/\/iscsconcordia-ers.infd.edu.ar\/sitio\/wp-content\/uploads\/2019\/04\/Proyecto-DERECHO-CONSTITUCIONAL-2019.doc\">\u00a0DERECHO CONSTITUCIONAL<\/a>\u00a0 &#8211; <a href=\"https:\/\/iscsconcordia-ers.infd.edu.ar\/sitio\/wp-content\/uploads\/2019\/11\/POL-1-Derecho-Constitucional.pdf\">PROGRAMA<\/a><\/td>\n<\/tr>\n<tr>\n<td data-sheets-value=\"{&quot;1&quot;:2,&quot;2&quot;:&quot;TALLER&quot;}\">TALLER<\/td>\n<td data-sheets-value=\"{&quot;1&quot;:2,&quot;2&quot;:&quot;Pr\u00e1ctica docente I&quot;}\">Pr\u00e1ctica docente I<\/td>\n<\/tr>\n<tr>\n<td><\/td>\n<td data-sheets-value=\"{&quot;1&quot;:2,&quot;2&quot;:&quot;Econom\u00eda&quot;}\"><a href=\"https:\/\/iscsconcordia-ers.infd.edu.ar\/sitio\/wp-content\/uploads\/2019\/04\/Planeamiento-de-C\u00e1tedra-2019-Econom\u00eda-1\u00ba-a\u00f1o-Cs-Pol\u00edticas.doc\">\u00a0Econom\u00eda<\/a><\/td>\n<\/tr>\n<tr>\n<td><\/td>\n<td data-sheets-value=\"{&quot;1&quot;:2,&quot;2&quot;:&quot;Procesos Hist\u00f3ricos modernos&quot;}\">Procesos Hist\u00f3ricos modernos<\/td>\n<\/tr>\n<tr>\n<td data-sheets-value=\"{&quot;1&quot;:2,&quot;2&quot;:&quot;TALLER&quot;}\">TALLER<\/td>\n<td data-sheets-value=\"{&quot;1&quot;:2,&quot;2&quot;:&quot;Corporeidad juegos y lenguajes artisticos&quot;}\">Corporeidad juegos y lenguajes art\u00edsticos<\/td>\n<\/tr>\n<tr>\n<td><\/td>\n<td data-sheets-value=\"{&quot;1&quot;:2,&quot;2&quot;:&quot;Did\u00e1ctica General&quot;}\"><a href=\"https:\/\/iscsconcordia-ers.infd.edu.ar\/sitio\/wp-content\/uploads\/2019\/05\/Proyecto-Didactica-2019.docx\">\u00a0Did\u00e1ctica\u00a0 General\u00a0<\/a><\/td>\n<\/tr>\n<tr>\n<td><\/td>\n<td data-sheets-value=\"{&quot;1&quot;:2,&quot;2&quot;:&quot;Antropolog\u00eda social&quot;}\"><a href=\"https:\/\/iscsconcordia-ers.infd.edu.ar\/sitio\/wp-content\/uploads\/2019\/11\/PROFESORADO-SUPERIOR-DE-CIENCIAS-SOCIALES-antropologia-social-Virginia-1.docx\">Antropologia social\u00a0<\/a><\/td>\n<\/tr>\n<tr>\n<td><\/td>\n<td data-sheets-value=\"{&quot;1&quot;:2,&quot;2&quot;:&quot;Problem\u00e1tica de las Ciencias pol\u00edticas&quot;}\">Problem\u00e1tica de las Ciencias pol\u00edticas<\/td>\n<\/tr>\n<tr>\n<td><\/td>\n<td data-sheets-value=\"{&quot;1&quot;:2,&quot;2&quot;:&quot;Pedagog\u00eda&quot;}\"><a href=\"https:\/\/iscsconcordia-ers.infd.edu.ar\/sitio\/wp-content\/uploads\/2019\/11\/POL-1-Pedagog\u00eda-.pdf\">Pedagog\u00eda<\/a><\/td>\n<\/tr>\n<tr>\n<td data-sheets-value=\"{&quot;1&quot;:2,&quot;2&quot;:&quot;TALLER&quot;}\">TALLER<\/td>\n<td data-sheets-value=\"{&quot;1&quot;:2,&quot;2&quot;:&quot;Oralidad, lectura y TIC&quot;}\">Oralidad, lectura y TIC<\/td>\n<\/tr>\n<\/tbody>\n<\/table>\n<p>&nbsp;<\/p>\n<p>2\u00b0 Ciencia Pol\u00edtica<\/p>\n<style type=\"text\/css\"><!--td {border: 1px solid #ccc;}br {mso-data-placement:same-cell;}--><\/style>\n<table dir=\"ltr\" border=\"1\" cellspacing=\"0\" cellpadding=\"0\">\n<colgroup>\n<col width=\"85\" \/>\n<col width=\"108\" \/><\/colgroup>\n<tbody>\n<tr>\n<td><\/td>\n<td data-sheets-value=\"{&quot;1&quot;:2,&quot;2&quot;:&quot;Teor\u00eda pol\u00edtica&quot;}\">Teor\u00eda pol\u00edtica<\/td>\n<\/tr>\n<tr>\n<td><a href=\"https:\/\/iscsconcordia-ers.infd.edu.ar\/sitio\/wp-content\/uploads\/2019\/11\/POL-1-DerechoPrivado.pdf\">PROGRAMA DERECHO PRIVADO<\/a><\/td>\n<td data-sheets-value=\"{&quot;1&quot;:2,&quot;2&quot;:&quot;Derecho Privado&quot;}\"><a href=\"https:\/\/iscsconcordia-ers.infd.edu.ar\/sitio\/wp-content\/uploads\/2019\/04\/Proyecto-DDERECHO-PRIVADO-20191.doc\">DERECHO PRIVADO-<\/a><\/td>\n<\/tr>\n<tr>\n<td><\/td>\n<td data-sheets-value=\"{&quot;1&quot;:2,&quot;2&quot;:&quot;Realidad Social Lat. Y Arg.&quot;}\">Realidad Social Lat. Y Arg.<\/td>\n<\/tr>\n<tr>\n<td data-sheets-value=\"{&quot;1&quot;:2,&quot;2&quot;:&quot;TALLER&quot;}\">TALLER<\/td>\n<td data-sheets-value=\"{&quot;1&quot;:2,&quot;2&quot;:&quot;Pr\u00e1ctica Prof. II&quot;}\">Pr\u00e1ctica Prof. II<\/td>\n<\/tr>\n<tr>\n<td data-sheets-value=\"{&quot;1&quot;:2,&quot;2&quot;:&quot;TALLER&quot;}\">TALLER<\/td>\n<td data-sheets-value=\"{&quot;1&quot;:2,&quot;2&quot;:&quot;Did\u00e1ctica de las Ciencias Soc.&quot;}\">Did\u00e1ctica de las Ciencias Soc.<\/td>\n<\/tr>\n<tr>\n<td><\/td>\n<td data-sheets-value=\"{&quot;1&quot;:2,&quot;2&quot;:&quot;Econom\u00eda Pol\u00edtica&quot;}\">Econom\u00eda Pol\u00edtica<\/td>\n<\/tr>\n<tr>\n<td data-sheets-value=\"{&quot;1&quot;:2,&quot;2&quot;:&quot;TALLER&quot;}\">TALLER<\/td>\n<td data-sheets-value=\"{&quot;1&quot;:2,&quot;2&quot;:&quot;Sujeto de la Educ. Sec.&quot;}\">Sujeto de la Educ. Sec.<\/td>\n<\/tr>\n<tr>\n<td><\/td>\n<td data-sheets-value=\"{&quot;1&quot;:2,&quot;2&quot;:&quot;Psicolog\u00eda. Educ.&quot;}\">Psicolog\u00eda. Educ.<\/td>\n<\/tr>\n<tr>\n<td><\/td>\n<td data-sheets-value=\"{&quot;1&quot;:2,&quot;2&quot;:&quot;Filosof\u00eda&quot;}\">Filosof\u00eda<\/td>\n<\/tr>\n<tr>\n<td><\/td>\n<td data-sheets-value=\"{&quot;1&quot;:2,&quot;2&quot;:&quot;Problem\u00e1tica de la CP II&quot;}\">Problem\u00e1tica de la CP II<\/td>\n<\/tr>\n<\/tbody>\n<\/table>\n<p>3\u00b0 Ciencia Pol\u00edtica<\/p>\n<style type=\"text\/css\"><!--td {border: 1px solid #ccc;}br {mso-data-placement:same-cell;}--><\/style>\n<table dir=\"ltr\" border=\"1\" cellspacing=\"0\" cellpadding=\"0\">\n<colgroup>\n<col width=\"67\" \/>\n<col width=\"158\" \/><\/colgroup>\n<tbody>\n<tr>\n<td><\/td>\n<td data-sheets-value=\"{&quot;1&quot;:2,&quot;2&quot;:&quot;Historia de la Educ. Arg&quot;}\"><a href=\"https:\/\/iscsconcordia-ers.infd.edu.ar\/sitio\/wp-content\/uploads\/2019\/11\/POL-3-Historia-de-la-Educaci\u00f3n-Argentina.pdf\">Historia de la Educaci\u00f3n Argentina<\/a><\/td>\n<\/tr>\n<tr>\n<td><\/td>\n<td data-sheets-value=\"{&quot;1&quot;:2,&quot;2&quot;:&quot;Derechos Humanos&quot;}\">Derechos Humanos<\/td>\n<\/tr>\n<tr>\n<td><\/td>\n<td data-sheets-value=\"{&quot;1&quot;:2,&quot;2&quot;:&quot;Sociolog\u00eda de la Educ.&quot;}\">Sociolog\u00eda de la Educ.<\/td>\n<\/tr>\n<tr>\n<td><\/td>\n<td data-sheets-value=\"{&quot;1&quot;:2,&quot;2&quot;:&quot;Proc. Hist. Contemp&quot;}\"><a href=\"https:\/\/iscsconcordia-ers.infd.edu.ar\/sitio\/wp-content\/uploads\/2019\/11\/HIST-3-Procesos-Hist\u00f3ricos-Contemporaneos.pdf\">Proc. Hist. Contemp<\/a><\/td>\n<\/tr>\n<tr>\n<td><\/td>\n<td data-sheets-value=\"{&quot;1&quot;:2,&quot;2&quot;:&quot;Teor\u00eda Pol\u00edtica II&quot;}\">Teor\u00eda Pol\u00edtica II<\/td>\n<\/tr>\n<tr>\n<td><\/td>\n<td data-sheets-value=\"{&quot;1&quot;:2,&quot;2&quot;:&quot;Derecho Administrativo&quot;}\">Derecho Administrativo<\/td>\n<\/tr>\n<tr>\n<td data-sheets-value=\"{&quot;1&quot;:2,&quot;2&quot;:&quot;TALLER&quot;}\">TALLER<\/td>\n<td data-sheets-value=\"{&quot;1&quot;:2,&quot;2&quot;:&quot;T.Sociol\u00f3gica Cl\u00e1sica&quot;}\">T.Sociol\u00f3gica Cl\u00e1sica<\/td>\n<\/tr>\n<tr>\n<td><\/td>\n<td data-sheets-value=\"{&quot;1&quot;:2,&quot;2&quot;:&quot;Administraci\u00f3n y Finanzas P\u00fablicas&quot;}\">Administraci\u00f3n y Finanzas P\u00fablicas<\/td>\n<\/tr>\n<tr>\n<td><\/td>\n<td data-sheets-value=\"{&quot;1&quot;:2,&quot;2&quot;:&quot;UDI&quot;}\">UDI<\/td>\n<\/tr>\n<tr>\n<td data-sheets-value=\"{&quot;1&quot;:2,&quot;2&quot;:&quot;TALLER&quot;}\">TALLER<\/td>\n<td data-sheets-value=\"{&quot;1&quot;:2,&quot;2&quot;:&quot;Pr\u00e1ctica Profesional III&quot;}\">Pr\u00e1ctica Profesional III<\/td>\n<\/tr>\n<tr>\n<td><\/td>\n<td data-sheets-value=\"{&quot;1&quot;:2,&quot;2&quot;:&quot;Did\u00e1ctica de las Cs Pol\u00edtica&quot;}\">Did\u00e1ctica de las Cs Pol\u00edtica<\/td>\n<\/tr>\n<\/tbody>\n<\/table>\n<p>4\u00b0 a\u00f1o Ciencia Pol\u00edtica<\/p>\n<style type=\"text\/css\"><!--td {border: 1px solid #ccc;}br {mso-data-placement:same-cell;}--><\/style>\n<table dir=\"ltr\" border=\"1\" cellspacing=\"0\" cellpadding=\"0\">\n<colgroup>\n<col width=\"85\" \/>\n<col width=\"108\" \/><\/colgroup>\n<tbody>\n<tr>\n<td><\/td>\n<td data-sheets-value=\"{&quot;1&quot;:2,&quot;2&quot;:&quot;Sistemas Pol\u00edticos&quot;}\"><a href=\"https:\/\/iscsconcordia-ers.infd.edu.ar\/sitio\/wp-content\/uploads\/2019\/04\/planificacion-esi.docx\">Educaci\u00f3n Sexual Integral<\/a><\/td>\n<\/tr>\n<tr>\n<td><\/td>\n<td data-sheets-value=\"{&quot;1&quot;:2,&quot;2&quot;:&quot;Did\u00e1ctica de la CP&quot;}\">Did\u00e1ctica de la CP<\/td>\n<\/tr>\n<tr>\n<td><\/td>\n<td data-sheets-value=\"{&quot;1&quot;:2,&quot;2&quot;:&quot;\u00c9tica y cultura pol\u00edtica&quot;}\">\u00c9tica y cultura pol\u00edtica<\/td>\n<\/tr>\n<tr>\n<td><\/td>\n<td data-sheets-value=\"{&quot;1&quot;:2,&quot;2&quot;:&quot;Finanzas publicas&quot;}\">Finanzas publicas<\/td>\n<\/tr>\n<tr>\n<td data-sheets-value=\"{&quot;1&quot;:2,&quot;2&quot;:&quot;Taller&quot;}\">Taller<\/td>\n<td data-sheets-value=\"{&quot;1&quot;:2,&quot;2&quot;:&quot;Seminario de las Cs Pol\u00edtica&quot;}\">Seminario de las Cs Pol\u00edtica<\/td>\n<\/tr>\n<tr>\n<td><\/td>\n<td data-sheets-value=\"{&quot;1&quot;:2,&quot;2&quot;:&quot;Pol\u00edtica y DIP&quot;}\">Pol\u00edtica y DIP<\/td>\n<\/tr>\n<tr>\n<td><\/td>\n<td data-sheets-value=\"{&quot;1&quot;:2,&quot;2&quot;:&quot;Residencia&quot;}\">Residencia<\/td>\n<\/tr>\n<\/tbody>\n<\/table>\n","protected":false},"excerpt":{"rendered":"<p>Planeamiento de C\u00e1tedra 2019 &#8211; Econom\u00eda &#8211; 1\u00ba a\u00f1o &#8211; Cs Pol\u00edticasPlaneamiento de C\u00e1tedra 2019 &#8211; Econom\u00eda &#8211; 1\u00ba a\u00f1o &#8211; Cs Pol\u00edticas1\u00b0 A\u00d1O \u00a0DERECHO CONSTITUCIONAL\u00a0 &#8211; PROGRAMA TALLER Pr\u00e1ctica docente I \u00a0Econom\u00eda Procesos Hist\u00f3ricos modernos TALLER Corporeidad juegos y lenguajes art\u00edsticos \u00a0Did\u00e1ctica\u00a0 General\u00a0 Antropologia social\u00a0 Problem\u00e1tica de las Ciencias pol\u00edticas Pedagog\u00eda TALLER Oralidad, lectura &#8230; <a title=\"Planificaciones y programas de Ciencia Pol\u00edtica 2019\" class=\"read-more\" href=\"https:\/\/iscsconcordia-ers.infd.edu.ar\/sitio\/planificaciones-y-programas-de-ciencia-politica-2019\/\" aria-label=\"More on Planificaciones y programas de Ciencia Pol\u00edtica 2019\">[+]<\/a><\/p>\n","protected":false},"author":331,"featured_media":0,"parent":0,"menu_order":0,"comment_status":"closed","ping_status":"closed","template":"","meta":[],"acf":[],"_links":{"self":[{"href":"https:\/\/iscsconcordia-ers.infd.edu.ar\/sitio\/wp-json\/wp\/v2\/pages\/1113"}],"collection":[{"href":"https:\/\/iscsconcordia-ers.infd.edu.ar\/sitio\/wp-json\/wp\/v2\/pages"}],"about":[{"href":"https:\/\/iscsconcordia-ers.infd.edu.ar\/sitio\/wp-json\/wp\/v2\/types\/page"}],"author":[{"embeddable":true,"href":"https:\/\/iscsconcordia-ers.infd.edu.ar\/sitio\/wp-json\/wp\/v2\/users\/331"}],"replies":[{"embeddable":true,"href":"https:\/\/iscsconcordia-ers.infd.edu.ar\/sitio\/wp-json\/wp\/v2\/comments?post=1113"}],"version-history":[{"count":9,"href":"https:\/\/iscsconcordia-ers.infd.edu.ar\/sitio\/wp-json\/wp\/v2\/pages\/1113\/revisions"}],"predecessor-version":[{"id":1341,"href":"https:\/\/iscsconcordia-ers.infd.edu.ar\/sitio\/wp-json\/wp\/v2\/pages\/1113\/revisions\/1341"}],"wp:attachment":[{"href":"https:\/\/iscsconcordia-ers.infd.edu.ar\/sitio\/wp-json\/wp\/v2\/media?parent=1113"}],"curies":[{"name":"wp","href":"https:\/\/api.w.org\/{rel}","templated":true}]}}